) = m*t(h) + o(h). Calculate v(0).
-3
Let f(r) be the third derivative of -r**5/60 - 7*r**4/24 + 6*r**2. Calculate f(-5).
10
Suppose -2*b - 4*q + 19 + 5 = 0, -5*q = -4*b + 9. Let z(n) = 3*n + n**2 - 4*n - 6 - 5*n. Give z(b).
-6
Let y(k) = -1. Let p(f) = f**2 - 6*f - 4. Let j = -19 - -23. Let m(g) = j*y(g) - p(g). Let w = -3 - -9. Give m(w).
0
Let i(u) = u**2 + u. Let k(l) = -2*l**2 - 2*l - 3. Let a(o) = -3*i(o) - k(o). What is a(-4)?
-9
Let k(s) = s**2 + 1. Let b(f) = 3*f**2 - 4*f + 11. Let h(z) = -b(z) + 4*k(z). Let d be (-1)/3*0 - -24. Let v be ((-6)/8)/(3/d). Determine h(v).
5
Let b(x) = -x**2 + x - 1. Let t = 1 + 1. Suppose c = -t*c + 9. What is b(c)?
-7
Let i = 0 - -1. Let j(z) = -10*z + 7. Let y(r) = 3*r - 2. Let a be 15/(-2) - 6/(-12). Let d(p) = a*y(p) - 2*j(p). What is d(i)?
-1
Let c(n) = -4*n**2 + 0 + 3*n**2 - 5 - 6*n. Determine c(-6).
-5
Let s(t) = -3*t**2 + 2*t + 1. Suppose 4*a + 6 = -3*x, -11 = -4*x - 0*a + a. Determine s(x).
-7
Let r(m) = -6*m**2 - 4*m + 7. Let n(v) = 5*v**2 + 3*v - 6. Let i(h) = 5*n(h) + 4*r(h). Let s(b) = -b**2 - 4*b. Let x be s(-2). Calculate i(x).
10
Let t = -17 - -14. Let z(y) = 6 + y + y - y. What is z(t)?
3
Let u(q) be the third derivative of -q**4/8 + q**3/3 + q**2. Let p = -4 + 5. Let b(c) = 3*c - 1. Let o be b(p). What is u(o)?
-4
Let j(s) = -5*s**3 - s**2 - 17*s - 4. Let r(t) = 3*t**3 + t**2 + 11*t + 3. Let v(w) = -5*j(w) - 8*r(w). Let l be (-3)/(-6) + 14/4. Calculate v(l).
0
Let n(h) be the second derivative of -h**5/20 - 5*h**4/12 - 5*h**3/6 - h**2 - 2*h + 95. Let k be 10/(-8) + (-1)/(-4). Let v = -2 + k. Give n(v).
-5
Let h(p) be the second derivative of -1/20*p**5 + 5*p**2 + 0*p**3 - 1/12*p**4 + p + 0. Calculate h(0).
10
Let w(a) = a + 1. Suppose 4*o = o + 9. Give w(o).
4
Suppose h + 13 = -4*b - 8, 3*b = -5*h - 20. Let x(p) = p**3 + 4*p**2 - 7*p + 1. Give x(b).
11
Let p(m) = m - 9. Let k be p(9). Suppose z - 1 - 2 = k. Suppose 3*b - 9 = z. Let n(s) = s - 2. Determine n(b).
2
Let r(g) = -2*g + 11*g**3 + 19*g**3 - 5*g**2 + 6*g - 1 - 29*g**3. Give r(4).
-1
Let h be -2*(-1)/(-1) + -1. Let p(d) = -d. Let j be p(h). Let m(a) = a - 3*a + 4*a - 3. Calculate m(j).
3
Let w be -1*12/((-12)/4). Let k(s) = 5*s**2 - 10*s - 2. Let x(j) = -j**2 + j + 1. Let f(o) = w*x(o) + k(o). Calculate f(6).
2
Let g(d) = d**3 - 3*d**2 - 3*d - 4. Let n be g(4). Let b(r) be the second derivative of 7/2*r**2 + 0 + 3*r - 1/6*r**3. What is b(n)?
7
Suppose 0 = j + 5*n - 3 + 6, -5*j - 2*n + 8 = 0. Let t(v) = v**2 - 3*v + 2. What is t(j)?
0
Let q(f) be the third derivative of f**5/60 - f**4/12 + 2*f**3/3 + 18*f**2. Let c = -3 - -6. Give q(c).
7
Suppose 1 = -5*c + 16. Let o(p) be the first derivative of p**3/3 - 3*p**2/2 - p - 21. Determine o(c).
-1
Let s(a) = a**2 - a + 10. Let n(t) = t + 5. Let b be n(0). Suppose 4*p = -16, 4*x - 6 = b*p + 14. Determine s(x).
10
Let i(b) be the second derivative of -b**5/20 - b**4/2 + b**3/6 + 2*b**2 + 6*b. What is i(-6)?
-2
Let j be 3 - -3 - (0 + 1)*2. Let q(k) = k**3 - 5*k**2 + 5*k - 2. Give q(j).
2
Let r(q) = -q**2 - 2*q + 2. Suppose 4*v - 24 + 4 = 0. Suppose -v*b + 8 = 28. Give r(b).
-6
Suppose 2*r = -3*r. Suppose r*h = -5*h + 5. Let w be -5 + -3*h/(-3). Let m(t) = t + 7. Calculate m(w).
3
Let p(w) be the second derivative of w**4/12 - 7*w**3/6 + 5*w**2/2 + 8*w. What is p(7)?
5
Let y(o) = -4*o**3 - 1 + 0 - 2*o**3 + 2*o**2. Suppose -6*g = -2*g + 32. Let b(h) = -h**2 - 8*h + 1. Let t be b(g). What is y(t)?
-5
Let k(m) = -5*m**2 - 1 + 9*m**2 + 2*m**2. What is k(1)?
5
Suppose -15 = -3*y - 0. Let w be 1 + -3 + (3 - 2). Let a(m) = m. Let b(z) = z**3 - 5*z**2 - 6*z + 7. Let u(i) = w*b(i) - 4*a(i). Determine u(y).
3
Let j(q) = q**3 + 2*q**2 + 3*q. Suppose -2 = 5*d - s, 0 = 2*d - 3*s - 0 + 6. Suppose 6 = -2*b - d*a - 2*a, -4*b + 3*a - 5 = 0. What is j(b)?
-6
Let o = -41 + 35. Let x(g) = -g**3 - 7*g**2 - 7*g - 6. Give x(o).
0
Let m = 48 + -46. Let u(j) = -5*j - 2. Calculate u(m).
-12
Let p(h) = h**3 + 4*h**2 - 5. Let n(l) = -l**2 + 4*l + 1. Let z be n(5). Calculate p(z).
-5
Let c(d) be the first derivative of d**3/3 - d**2/2 - 3*d + 1. Let w be 88/20 + 2/(-5). Suppose 0 = -5*f + w - 19. What is c(f)?
9
Let c be 6/(4 - 5/2*1). Let r(v) = -v**2 + 7*v - 3. Determine r(c).
9
Suppose -4*j + 5*r + 35 = j, -3*j + 11 = -r. Let c(d) = 5*d**2 + 15*d**3 - 4*d - 6*d**j + 5*d. Give c(1).
15
Let n(l) = -11*l**3 - l**2 + 8*l - 7. Let u(x) = -5*x**3 - x**2 + 4*x - 4. Let k(z) = -4*n(z) + 9*u(z). What is k(-6)?
4
Let h(c) be the second derivative of c**3/6 - 2*c**2 - 9*c. Suppose 7 = 2*l - 1. Suppose -28 = -l*g - 8. What is h(g)?
1
Let g be (-1)/(1 - 0) + 1. Let c(d) = -d - 1 - 4 + g*d. Calculate c(-6).
1
Let t(l) = -3*l**2 - 1. Let y be t(1). Let z be y/4 + 5*1. Let h(b) = -11*b - 11. Let j(q) = -5*q - 5. Let g(a) = -4*h(a) + 9*j(a). What is g(z)?
-5
Let o(y) = -y**2 - 3*y + 1. Let v(f) = f**3 + f**2 - f. Let m be v(-2). Let j be o(m). Let k(a) = a**2 - 3*a. Calculate k(j).
0
Let r(k) = -3*k + 3*k + 1 + 6*k**2 + 0. Suppose -x = -j - 6, 4*j + 2 = -3*x + 13. What is r(j)?
7
Let a be 1 - 1*(-1 + 0). Suppose -2*u + 2 = a*z, -4*z + 6 - 1 = 3*u. Let r(d) = 1 + 0 + 3*d**z - 2*d + 7*d - d**3. Give r(4).
5
Suppose 0 = 5*m - 20. Let f(c) be the second derivative of 5/6*c**3 - 1/12*c**m + 1/2*c**2 + 0 + c. Determine f(5).
1
Let o(z) = z - 2. Let r(q) = q**2 + 2*q - 1. Let u be r(1). Give o(u).
0
Let j(p) = -3*p**2 + p + 14. Let r(v) = v**2 - 1 - 2 - 2. Suppose -4 = -2*l - 12. Let t(q) = l*j(q) - 11*r(q). Determine t(4).
-1
Let n(d) be the second derivative of d**6/120 + d**5/30 + d**4/24 + 2*d**3/3 - 2*d**2 - 4*d. Let q(c) be the first derivative of n(c). Determine q(-3).
-8
Suppose 2*v + 10 = 0, -3*g - 4 = 3*v + 26. Let h(z) = -3*z**2 + 13*z - 7. Let r(b) = 2*b**2 - 7*b + 3. Let s(l) = 3*h(l) + 5*r(l). What is s(g)?
-1
Let j(b) = 2*b**2 - 7*b. Suppose f = -3*f + n + 18, -n + 7 = f. Calculate j(f).
15
Let o(q) = 7*q**2 - 3*q - 6. Let t(h) = -h**2 + h. Let r(y) = o(y) + 6*t(y). Calculate r(-5).
4
Let c(b) = -2*b**2 - 2*b + 3. Let r(d) = d - 14. Let g be r(9). Let p be g - -4 - 2*1. Let o = p + 5. Give c(o).
-9
Let l(v) = 4*v + 3. Let b be (3/2)/(12/32). Suppose -3*g + 19 = b*p - 10, 0 = 2*g + 3*p - 21. Suppose -g*t + 0*a = a + 11, -5*t - 20 = 2*a. Determine l(t).
-5
Let x(c) = -2*c + 6*c + 8*c - 10*c. Determine x(-5).
-10
Let c(b) = -5*b + b**3 + 4*b**2 + 4 + 0*b + b. Let r = -6 + 9. Let t = -8 + r. Determine c(t).
-1
Let m(v) be the second derivative of -v**3/6 + v**2/2 - v + 4. Determine m(3).
-2
Suppose 0 = 4*r - 25 + 1. Let x(q) = -q - 1. Let c be x(r). Let u(j) = j**3 + 6*j**2 - 6*j + 9. What is u(c)?
2
Let m(f) = f - 9. Suppose 5*g - 25 = -2*l, 4*l - 6*g = -5*g + 17. Calculate m(l).
-4
Let s(d) be the second derivative of -d**6/360 + d**4/6 + 3*d. Let n(b) be the third derivative of s(b). Calculate n(-2).
4
Let m(x) be the third derivative of x**6/72 - x**4/24 + x**3/3 + 2*x**2. Let s(r) be the first derivative of m(r). What is s(-1)?
4
Suppose 0*f - 3*f - t - 20 = 0, 4*f + 22 = t. Let j(q) = 3 - q + 2*q + 2. Determine j(f).
-1
Let v be 64/36 + (-4)/(-18). Let u(o) = -2*o - 2. Let b be u(-3). Suppose -3*q = -v*y + 15, q - 25 = 6*q + b*y. Let m(f) = f + 2. Calculate m(q).
-3
Suppose -3*x = -4*f - 24, -3*x + f = -49 + 16. Suppose -4*m - 10 - 6 = r, -3*m - r - x = 0. Let u(v) = v**2 + 3*v + 6. Give u(m).
10
Let v(j) = -j - 9. Let w(u) = 3*u + 17. Let m(z) = 5*v(z) + 2*w(z). Give m(0).
-11
Let p be 1 + 1 - 7 - 0. Let l(d) = -4*d**2 - 10*d + 9. Let u(c) = c**2 + c - 1. Let o(f) = p*u(f) - l(f). Determine o(3).
2
Let g(q) = -q + 6. Let o be g(11). Let d(l) be the third derivative of -l**4/8 - l**3 + 2*l**2. Calculate d(o).
9
Let z(h) = h**2 + 4*h. Let r(m) = m**2 + 4*m + 1. Let j(y) = 3*r(y) - 4*z(y). Give j(-4).
3
Let i(q) = q**3 - 5*q**2 + 2*q + 3. Suppose -1 = 4*p + 2*h + 7, -4 = h. Suppose p = x - 4 + 1. What is i(x)?
-9
Let m(d) be the third derivative of -d**5/60 - d**4/24 + 13*d**3/6 + 16*d**2. Give m(0).
13
Let z = 0 + -5. Let b be 13/z - (-10)/(-25). Let q(h) = -h. Determine q(b).
3
Suppose -4*l - 27 + 103 = 0. Suppose -v = 2, 3*n + 2*v + 0 = -l. Let y(i) = -2*i**2 + 9*i + 4. Let s(m) = -m**2 + m - 1. Let k(x) = 3*s(x) - y(x). What is k(n)?
-2
Suppose -z + 2 + 1 = 0. Let c(q) = -4 + 1 - z*q - 2*q + 7. Give c(3).
-11
Let 